a prime number?
False
Suppose -2 = 4*g - 2*g. Let f be g*(5 + 1)*2. Is (f - -14)*(-277)/(-2) a prime number?
True
Let f be ((-2)/(-8))/((-10)/(-520)). Let j = -15 + f. Is (j - -4)*34 + -1 a prime number?
True
Let g be (-1 - (-4)/(-12))*-3. Suppose g*z = -16, 3*z - 2 + 28 = 2*k. Suppose k*x - 265 = 2*x. Is x composite?
False
Suppose -4*n - 5 = -5*n. Suppose -n*s = -2*s - 567. Suppose -3*u = -0*u - t - 619, -u = 4*t - s. Is u composite?
True
Suppose 5*q - 2 = 3*q. Is 1964 + (0 - (-3 + q - 1)) a composite number?
True
Suppose 0 = -3*m + 5*p - 3810 + 14196, 0 = 5*p + 15. Is m a prime number?
True
Is (-24)/(-96) + -2965*(-21)/12 prime?
True
Suppose 300 = -4*c + 40. Let a be 1 - 1 - 452/(-2). Let k = a + c. Is k prime?
False
Let c(g) = 88*g**3 + 2*g**2 - g. Suppose 0 = 5*l + f + 2*f + 7, 4*f + 18 = 2*l. Is c(l) prime?
True
Let w(p) be the second derivative of -22*p**5/5 + 2*p**3/3 - 7*p**2/2 - 2*p - 8. Is w(-5) a composite number?
False
Let q(l) be the third derivative of l**5/20 + 3*l**4/2 + 31*l**3/6 - l**2. Is q(-16) prime?
True
Let r = -2388 - -60379. Is r prime?
True
Let v be (-11 - -15) + -9 + 0. Let d be 70/(-50) + (-2)/v. Is -5*(33*d - 4) composite?
True
Let d = -7 + 13. Let c(n) = 44*n + 29. Is c(d) prime?
True
Let t = 2552 - -585. Is t composite?
False
Let o = -4036 + 6527. Is o a composite number?
True
Is (-7768)/(-6)*54/72 prime?
True
Suppose 3*z + 6 - 18 = 0. Suppose z*o - 405 = -3*r + 1187, -2*r + 403 = o. Is o composite?
True
Let t(r) be the first derivative of r**4/4 + 2*r**3/3 - r**2/2 + 23*r + 119. Let n be -1 + 1 + 1 + -1. Is t(n) a prime number?
True
Let p = -124 + 553. Let n = 476 - 711. Let h = n + p. Is h a composite number?
True
Suppose 39*b + 41233 - 1271332 = 0. Is b a prime number?
True
Let c be 1/(-9) - 2176/(-144). Let j be c/(-10) - 866/(-4). Suppose -3*i = 4*z - j, -z - 3*i + 25 = -31. Is z composite?
False
Is (-2)/7 - (-10)/(280/22044) prime?
True
Suppose -76*w + 3097547 = -2089149. Is w a prime number?
False
Let d = -1966 + 11585. Is d a composite number?
False
Let o(p) = 20*p**2 - 15*p - 4. Let y be (((-66)/(-9) - 0) + -3)*3. Is o(y) prime?
True
Let p(u) = 38*u**2 - 4*u. Let n be p(-5). Suppose 2*g - 2*l = g + 481, -n = -2*g + 2*l. Suppose 3*s + 283 + 196 = 5*a, 5*a - g = -2*s. Is a prime?
True
Let o = -133 - -127. Suppose 4*g - 3*g - 3972 = 0. Is (-2)/4*g/o a composite number?
False
Let c = 61 + -61. Is -2 - c - (7 + -550) composite?
False
Suppose 13*q + 3*q - 29552 = 0. Is q composite?
False
Is 158650/40 + 0 + (-6)/(-8) prime?
True
Let q = -240 - -589. Let t = q + -144. Is t prime?
False
Suppose 0 = 4*t - 9*t + 15. Suppose 0 = w - t*s - 27, 4*s - 34 = -2*w. Is w a composite number?
True
Let l(t) = 935*t - 22. Let g be l(6). Suppose 3*c + p = g, c - p - 2094 = -238. Is c a composite number?
False
Suppose p = 6*p - 2580. Let t = 89 + p. Let a = t - 354. Is a a composite number?
False
Is (-15)/((-45)/6)*787 composite?
True
Let b(g) = 13767*g + 77. Is b(2) prime?
True
Suppose b + 4172 = 5*b. Suppose 3*z + b = 5*d, 2*z - 16 = -2*z. Is d composite?
False
Suppose -u + 5*i + 438 = 0, 1348 = 3*u - 3*i + 5*i. Let f = 1021 - u. Is f composite?
True
Suppose -28 - 214 = -2*k. Suppose 16*i + k = 17*i. Is i a composite number?
True
Let v(k) = -2*k - 16. Let z(x) = -3*x**2 + x + 1. Let f be z(2). Let j be v(f). Is 4140/16 - j/(-8) composite?
True
Suppose -6 = -4*q + y + 5, 4*q - 4*y = 20. Suppose t + 1123 = 4*t + 2*m, -5*t + 1877 = q*m. Is t prime?
False
Let x = 45 + -10. Suppose 4*a - 106 = -5*u, 4*a = 2*u - 0*u - 48. Let i = x - u. Is i a composite number?
False
Let c(u) = 2*u**2 + 2*u + 5. Let t be c(-4). Let n be 6/(-42) + t/7. Suppose i + s + s = 243, 5*s - 960 = -n*i. Is i a prime number?
False
Let f be 6094/(-5) + (-16)/(-20). Let d = f + 1771. Is d prime?
False
Let k = 1041 - 594. Is k composite?
True
Suppose 0 = -3*r + 3*b + 3 + 6, 4*r + 4*b = 20. Suppose n - 2*n = -r*h - 221, -490 = -2*n - 4*h. Is n a composite number?
True
Suppose 472 = 2*t - 0*t. Let d = 3175 - t. Is d a prime number?
True
Let x be (2240/(-12) - 2)*72. Let l be (x/60)/(4/(-10)). Let v = -315 + l. Is v a prime number?
True
Let y = 106984 + -69245. Is y a prime number?
False
Let d(h) = -3*h + 2. Let u be d(-4). Let s(v) = v**3 - 5*v**2 + v + 13. Let c be s(u). Suppose 5*p + 2*o - c = 3*o, -4*p + 1424 = -3*o. Is p a prime number?
True
Let w = 2 + 4. Is (405 + -3)*3/w prime?
False
Is (-53090)/(-8) + (-2)/(8/(-3)) a composite number?
False
Suppose -2*a + 48 = a. Suppose 2*c - 3*t - t + 2 = 0, -t = 5*c + a. Let m(h) = -h**2 - 5*h - 3. Is m(c) a prime number?
True
Let g = 17312 + 6659. Is g a composite number?
False
Suppose -207*u = -210*u - 4*c + 29893, 0 = -3*u + 3*c + 29907. Is u a composite number?
False
Suppose 2*p + 6*j = j + 9, -51 = -3*p + 5*j. Suppose p - 5 = f. Is f composite?
False
Let i = -102 - -177. Suppose -i = t - 2. Let n = t + 164. Is n prime?
False
Let q be 2/(-10) - 78/(-15). Let f(v) = -v**2 + 5*v. Let z be f(q). Suppose z = y - 124 - 31. Is y composite?
True
Let s(i) = -i**3 - 3*i**2 - 3*i. Let k be s(-2). Suppose -2*b = k, -5*n + b + 18 = -8. Suppose -4*q - 3*w = -6*q + 34, n*w - 66 = -2*q. Is q a prime number?
True
Suppose 2*p = -8*p + 49630. Is p a prime number?
False
Let z = 41358 - 21951. Is z a composite number?
True
Let b = 5486 + -1043. Suppose 0 = 2*l - x - b, -3*x = -3*l - x + 6667. Is l composite?
True
Let s(l) = -5*l**2 - 6*l - 6*l + 14*l. Let x be s(2). Is x/(-12) - 2974/(-6) a composite number?
True
Suppose 2*t + 0*t + 1504 = 0. Let m = t - -1539. Is m a composite number?
False
Let r = -6281 - -3346. Let h = r - -7356. Is h prime?
True
Suppose -8 = -2*t - 3*a + 9, 5*t + 2*a = 15. Let k(w) = -t + 38*w + 23*w + 28*w. Is k(4) a prime number?
False
Let x = 51 + -46. Suppose -x*o + 188 + 197 = 0. Is o a prime number?
False
Is ((-6)/(-24)*19156)/1 prime?
True
Suppose 2089 + 1079 = 4*a - m, m = -3*a + 2369. Is a prime?
False
Let t(a) be the first derivative of a**2/2 - 8*a - 5. Let n be t(12). Is 2/4 + 346/n composite?
True
Suppose -1163 = 5*n - 3*j - 6978, 2326 = 2*n + j. Is n a prime number?
True
Suppose -247010 = -35*b + 216845. Is b prime?
False
Suppose 39*q = 37*q - 3158. Let j = q - -4082. Is j prime?
True
Let h = -9771 + 13842. Is (6/(-3))/(-1) - h/(-1) prime?
True
Let p(u) = 5*u**2 - 6*u + 10. Let h be p(-8). Suppose -3*k + 0*k = -h. Let d = -59 + k. Is d a prime number?
True
Let n(t) = -18*t - 7. Let s be 3/(-2)*24/36. Let b be (s - -3)/((-6)/12). Is n(b) composite?
True
Suppose x = 4*i + 4466, 3*i = i - x - 2236. Let f = 264 - i. Is f prime?
True
Suppose -1358 = -v - 3*a, -7*v - a = -8*v + 1362. Is v composite?
False
Is (6/(-10) - 1946126/(-35)) + 4 prime?
False
Let m be (-133)/(-21) + (-3)/9. Suppose a = -2*a + m. Suppose -a*r + 76 = -0*r - c, 5*c = 0. Is r a composite number?
True
Suppose -30 = 12*u - 13*u. Suppose 0*z + u = 5*z. Is (10/z)/((-1)/(-57)) a prime number?
False
Let y = 1 + 3. Suppose -4*v - 520 = -4*h, -2*h - h + 404 = y*v. Suppose -3*l + 663 = -h. Is l a composite number?
True
Let t(z) = z**2 - 11*z - 11. Let c be (6/2 + 3)/(-1). Let n be c - (-3)/15*-5. Is t(n) a composite number?
True
Is (8657/(-44))/(0 - 1/148) composite?
True
Is 4001652/228 + -4*(-2)/(-76) a composite number?
False
Let c(j) = 57*j**2 - 28*j - 37. Is c(16) a composite number?
False
Let m be ((-2)/4*-219)/((-3)/(-18)). Let y = -208 + m. Is y prime?
True
Let b(z) = -z**3 - 13*z**2 - z - 10. Let g be b(-13). Suppose -2*a + g*a - 2 = 0. Let j(l) = 5*l**3 - 2*l**2 + 3*l - 3. Is j(a) composite?
True
Let y(t) = -139*t - 3. Let w(i) be the third derivative of i**6/120 - i**5/6 + i**4/24 - 7*i**3/3 - 7*i**2. Let n be w(10). Is y(n) a composite number?
True
Suppose 44*x + 39*x = 15731571. Is x a prime number?
False
Suppose n - 2*u - 52666 = -u, 4*n - 210673 = -5*u. Is n composite?
False
Let m = -10058 + 16861. Is m a prime number?
True
Let o(v) = 63*v**2 + 20*v - 19. Is o(-6) a prime number?
True
Let z(k) be the second derivative of k**3/6 + 5*k**2/2 + 5*k. Let t be z(0). Suppose -66 + 19 = -2*f - 3*c, -3*f = t*c - 71. Is f a composite number?
True
Suppose -15592 = -7*f + 3*f. Suppose -4*d - 2*c + 4*c = -f, -4*d + 5*c = -3907. Is d composite?
True
Let b = -43868 + 65613. Is b a composite number?
True
Let d = 6369 - 1748. Is d composite?
Fa